= 2*x + 2*l + 2*l. Let w = 25 - x. What is the tens digit of (w/(-4))/((-2)/(-8))?
1
Let p(r) = r**2 + r - 3. Let t be p(3). Let b(w) = -w**2 + 3*w - 2*w - 2*w - t*w**3 - 1. What is the units digit of b(-1)?
8
Let c be 2/(-4) + (-146)/(-4). Let x be (-4)/(-18) - (-748)/c. Suppose -13 = -2*a + x. What is the tens digit of a?
1
Suppose -5*b + 4 = -3*b. Suppose b = -q + 8. What is the units digit of q?
6
Let i(d) = d**3 - 3*d**2 - 6*d + 1. Let t = -13 + 9. Let v be (t/(-6))/((-16)/(-120)). What is the units digit of i(v)?
1
Suppose -3*d + 4*v = -0*v - 148, -275 = -5*d + v. What is the units digit of d?
6
What is the units digit of 3/7 - (-3392)/56?
1
Let h(d) = 4*d**2 - 3*d + 9. What is the tens digit of h(4)?
6
Let o = -1 - -6. Suppose -o*k = -2*k - 33. What is the units digit of k?
1
Let c(y) = y**2 - 17*y - 8. Let l be c(13). What is the units digit of 12/(-42) - l/14?
4
Let q = -5 + 7. Suppose -q*f + 65 = -f. Suppose -u - f = -4*r, 0*r - 4*r + 2*u = -62. What is the tens digit of r?
1
Suppose 0*n = 5*n + 4*h - 45, 2*h = 0. What is the units digit of n?
9
Let b(p) = -p**3 - 20*p**2 + 12*p - 43. What is the units digit of b(-21)?
6
Let f be -2 + 24 - (-4 - -2). Suppose -4*a + f = -8. What is the units digit of a?
8
Let m(r) be the second derivative of r**4/6 + r**3/2 - r**2/2 + 4*r. What is the tens digit of m(-4)?
1
Let w = -104 + 330. What is the units digit of w?
6
Suppose -2*j + 5 = 19. Let z = 7 + j. Suppose -3*f = -l + 1, f + z*f = 2*l - 22. What is the units digit of l?
3
Let p(h) = -h**3 - 4*h**2 - 5*h - 2. Let d be (-1)/2 + 10/(-4). Let g be p(d). What is the tens digit of (-3)/g - 188/(-16)?
1
Let w(b) = -b**3 + 7*b**2 - 4*b + 1. What is the tens digit of w(6)?
1
Suppose -5*p - 3*o = -600, 0 = 2*o - 0*o. What is the units digit of p?
0
Let g be 0/((-1 - 0)*3). Let c be g + -1 + 5 + 1. Suppose 0 = c*y - 4 - 41. What is the units digit of y?
9
Suppose -7*t - 675 = -12*t. What is the hundreds digit of t?
1
Let i be (-3)/(-2)*2/1. Suppose -i*j + 75 = 2*j. Let s = j - 4. What is the tens digit of s?
1
What is the units digit of 1*((1 - 1)/(-2) + 1)?
1
Suppose 3*u - 2*u + 3*c = 85, 0 = -c + 5. What is the tens digit of u?
7
Suppose q + 0*i - 6 = -2*i, -5*q + 24 = 4*i. Let o be 3 - 1*(3 - 2). What is the units digit of (q/(-8))/(o/(-28))?
7
What is the units digit of (8/10)/(2184/1085 - 2)?
2
Suppose -a - 4 = -6, 5*r - 3*a - 229 = 0. What is the units digit of r?
7
Suppose -2*p + 0*p - 14 = 0. Let w = 9 - p. What is the tens digit of w?
1
Let c(i) = -4*i**3 + 1. Let p be c(-1). Suppose 0 = -5*m + 4*j - p + 16, 0 = m + 2*j - 5. Let h = m - -13. What is the tens digit of h?
1
Let f(c) = c**3 + 4*c**2 - 5*c. Let x be f(-5). Suppose x = -b - 4*i + 28, -2*b - i - i = -26. What is the units digit of b?
8
Suppose 2*c - 60 = -2*c. Let r(p) = p**2 - 7*p. Let w be r(5). What is the units digit of w/c*(-18)/4?
3
Let b(x) = -32*x**2 + 6*x + 1. Let t(d) = -95*d**2 + 17*d + 2. Let l(w) = 8*b(w) - 3*t(w). What is the units digit of l(1)?
8
Let s be (2/(-4))/(2/(-56)). Let p = s + -20. What is the units digit of (-6)/3 + 2 - p?
6
Let k(r) = -r**2 + 3*r - 3. Let v be k(2). Let w(u) = 175*u + 63. Let o(n) = 11*n + 4. Let f(a) = 63*o(a) - 4*w(a). What is the units digit of f(v)?
7
Let p(i) = i**2 + 3*i - 4. What is the tens digit of p(-7)?
2
Suppose 0 = 4*j - 2*w - 12, j + 3*w = 4*j - 6. What is the units digit of (4/(-6))/(j/(-6))?
1
Suppose -4*a = -87 - 141. What is the tens digit of a?
5
Let s = -178 + 259. What is the units digit of s?
1
What is the units digit of (0 - 24/5)*(-40)/12?
6
Let j(n) = n + 1. Let i be j(9). Let s = i - 5. Suppose -u + 2*f - 7 = -0*f, s*f - 34 = -3*u. What is the units digit of u?
3
Let t(o) = o - 3. Let h be t(0). Let s(x) = -3*x + 4. What is the units digit of s(h)?
3
Suppose -l + 3*c + 15 = 0, c + 10 = -4*c. Suppose -l = -j - 4. What is the units digit of j?
5
Let t = 30 - 26. Suppose t*c + f - 14 = -2*f, 0 = c + 4*f + 3. What is the units digit of c?
5
Let v be (-6 + 4)*(-1)/(-2). Let x(i) = -13*i - 1. Let r be x(v). Suppose -c + r = k - 0*k, -8 = -k + c. What is the units digit of k?
0
Let b be (-22)/8*(-10 + 2). Suppose 5*q - m = 138, q - 3*m = -0*q + b. What is the tens digit of q?
2
Suppose 16 = 2*b - 7*b + 4*v, 4*v = -2*b + 16. Suppose -2*d + d + 24 = b. What is the tens digit of d?
2
Suppose -2*y + 2*i = -176, -3*i + 8*i + 357 = 4*y. What is the tens digit of y?
8
Suppose -5*a = 14 + 6. Let d be (-31)/a - 6/(-24). Suppose -17 = -5*r + d. What is the units digit of r?
5
Suppose -4*x + 3*u + 53 = 4*u, -x + 12 = -u. Let o = x - -1. Suppose 2*q = -0*q + o. What is the units digit of q?
7
Let n = 3 - -61. What is the tens digit of n?
6
Suppose -8*t = -3*t. Suppose t = 4*d + 5*v - 0 - 34, -3*d = 2*v - 22. What is the units digit of d?
6
Suppose -4*m - 60 = m. Let z be (1/(-2))/(1/m). Let n = z - 2. What is the units digit of n?
4
What is the units digit of (-1)/3 + 100/12?
8
Let p(g) = g**3 + 6*g**2 - 7*g - 2. Let y be p(-7). What is the units digit of ((-9)/(-3) + y)*12?
2
Let o = -29 + 48. What is the tens digit of o?
1
Let i(g) = g**2 + 11*g + 12. Let k be i(-10). Suppose 3*b - 7 - 2 = 0. What is the units digit of (-2)/(-3)*b/k?
1
What is the tens digit of (0 + 2)/(2/31)?
3
What is the tens digit of ((-5)/(10/26))/((-3)/12)?
5
Let v(n) = n**3 - n**2 - n - 1. Let o(k) = 2*k**3 - 2*k**2 - 6*k + 2. Let p(h) = o(h) - v(h). What is the units digit of p(3)?
6
Let x(y) = y**3 + 3*y**2 + 2*y + 1. Suppose -5*s = 3*u + 11, 5*u + s + 9 = 2*s. What is the units digit of x(u)?
1
Let f = -148 - -184. What is the units digit of f?
6
Suppose -2*p + 31 = -77. Let r = -25 + p. What is the tens digit of r?
2
Let o(u) = u**2 - 7*u + 3. Suppose -30 = -2*k - k. Let v be o(k). Let w = -16 + v. What is the tens digit of w?
1
Suppose -5*s - 7*l = -2*l - 265, 3*s + 2*l - 156 = 0. What is the tens digit of s?
5
Let m(f) = 3*f**2 - 4*f + 74. Let v(q) = q**2 - q + 25. Let y(b) = -2*m(b) + 7*v(b). What is the tens digit of y(0)?
2
Suppose 3*g - s = 2*s + 9, 3*g - 2 = -4*s. Suppose -f - g*f - y = -68, 3*f - 73 = 4*y. What is the tens digit of f?
2
Let q(a) = a**2 + a - 4. Let f be q(-5). Suppose -k = -0*k - f. What is the tens digit of k?
1
Let c be 8/5 + (-2)/(-5). Suppose -4*f = -4*s - 84, 4*s - s + 79 = 4*f. Suppose f + 4 = 5*u + q, -c*u + 5 = q. What is the units digit of u?
5
Let i(y) = -y**3 - 13*y**2 - 9*y + 16. Let v be i(-12). Let r = 51 + v. What is the units digit of r?
1
Let d = 42 - 3. What is the units digit of d?
9
What is the tens digit of 2 - (3 + -3 + -42)?
4
Suppose -3*h + 9 = -3*d - 6*h, 17 = -3*d + 5*h. What is the units digit of d/(-6)*(-435)/(-10)?
9
Suppose 0 - 5 = -5*l. Let a be (l - 0)/(2/72). Suppose 2*i + a = 4*i. What is the units digit of i?
8
Let q be (-1)/(((-1)/1)/(-24)). Let g = -11 - q. Suppose -c = t - g, -t + 5*t - 2*c = 22. What is the units digit of t?
8
What is the tens digit of ((-8)/(-10))/((-12)/(-1530))?
0
Let q(f) = 2*f**2. Let o be q(-1). Let t be (o - 5 - -1)*-2. Suppose t*k = -k + 40. What is the units digit of k?
8
What is the units digit of (104/39)/((-2)/(-9))?
2
Suppose 12*c - 1323 = 5*c. What is the tens digit of c?
8
Suppose -b - b = 6. Let l = 7 - b. What is the tens digit of l?
1
Let t(w) = 4*w + 4. What is the tens digit of t(9)?
4
Let p be (-175)/(-21) - (-4)/6. Let j = p + 14. What is the units digit of j?
3
Suppose 0 = 4*v - 2*v - 36. What is the units digit of v?
8
Suppose -4*a + 23 + 22 = -3*c, 4*a + 5*c - 53 = 0. What is the tens digit of a?
1
Let a(f) = -f**2 + 15*f - 18. Let x be a(14). Let w(u) = -12*u + 3. What is the units digit of w(x)?
1
Suppose 1 = -o - p - 1, -4*p = o + 14. Suppose -3*g + o*f = 7, -4*g + f = -f + 6. What is the units digit of g?
1
Let s be (-4)/3*9/(-6). Suppose -2*d + 0*d + 6 = 0. Suppose 3 = 3*k - d*r + 6*r, k - s*r - 1 = 0. What is the units digit of k?
1
Let x be 8/5 + 2/5. Suppose t + 15 = -5*w + 5*t, 0 = -w - x*t + 11. Let z = w - 0. What is the units digit of z?
1
Let f be (-1)/2 + 87/(-6). Let k be 23/((f/6)/(-5)). Suppose 5*a - y = -k + 130, 4*a - y - 68 = 0. What is the units digit of a?
6
Suppose -5*s + s = -64. What is the tens digit of s?
1
Suppose -5*j - 70 = 2*z - 666, -z - 602 = -5*j. What is the hundreds digit of j?
1
Let k(c) = -3*c - 10. Le